te p(a).
0
Let c = 94 + -83. Let p(q) = q**2 - 12*q + 15. Give p(c).
4
Let b(g) be the second derivative of g**4/12 + g**3/2 - 2*g**2 - g. Let h(p) = -p**3 - 26*p**2 + 60*p + 107. Let w be h(-28). What is b(w)?
6
Let k(a) = -14 + 7 + a - 2*a. Suppose -12 = 7*l - 5*l. What is k(l)?
-1
Let y(q) = 3*q**3 + q**2 - q - 8. Let k(a) = -a**3 + 4. Let p(r) = 5*k(r) + 2*y(r). Calculate p(-3).
1
Let i(g) = g**3 - 2*g**2 - 9*g + 5. Let w be i(4). Let t(c) = 9*c**3 - 2*c**2 + 1. Give t(w).
8
Let r(d) = 2*d + 1. Let j = -11 - -13. Give r(j).
5
Let h(j) = -j**2 - 7*j - 4. Let i be h(-3). Suppose 0 = i*m - 4*m + 8. Let f(r) = -r**3 + 3*r + 3. Calculate f(m).
5
Let d(n) = -13*n**3 - 12*n**2 - 8*n. Let a(v) = -3*v**3 - 3*v**2 - 2*v. Let w(t) = -9*a(t) + 2*d(t). What is w(-2)?
0
Let g(n) = 6 - 13 + 4 + 5 + 4*n**2. Calculate g(-2).
18
Let i(r) = 5*r + 15 - 4*r - 9 - 4*r. Calculate i(6).
-12
Let s(l) = 4*l**2 + 1. Let o be 4/6*24/16. Let n be -2*(o - 2) - 1. Calculate s(n).
5
Let y(b) be the first derivative of -b**3/3 - 7*b**2/2 - 4*b - 37. Give y(-6).
2
Suppose -3*u + 28 = 3*s + u, -3*u = 4*s - 28. Suppose j - s = -0*j. Suppose -4 = -j*a - 0. Let c(f) = 3*f + 1. Determine c(a).
4
Suppose 20 = 5*q - q. Let t be q/1*(1 + -2). Let a(s) = -5 + s - 3*s + s**2 + 5*s. Calculate a(t).
5
Let t be 2/2 + (12 - 11). Let h(q) = -2*q**2 + 1 - 3 - 7 + 3*q**t + 5*q. Determine h(-7).
5
Let f(m) = 4*m**2 - m + 1. Let d(y) = -3*y**2 + 16*y + 13. Let q be d(6). Calculate f(q).
4
Let x = -1 - 3. Let s(f) be the first derivative of -f**4/12 - f**3 - 3*f**2/2 + f + 2. Let v(w) be the first derivative of s(w). Calculate v(x).
5
Suppose j - 16 = -3*j. Let d(a) be the third derivative of -1/12*a**4 + 0 - a**2 + 0*a + 1/6*a**3. Give d(j).
-7
Let w = -2 - -3. Let f(u) be the second derivative of 4*u + 1/6*u**4 + 1/2*u**2 + 0 - 1/20*u**5 - 1/3*u**3. Calculate f(w).
0
Let o(m) = m**3 + 14*m**2 - 16*m - 20. Let d be o(-15). Let n(k) = -k**3 - 6*k**2 - 6*k - 5. Give n(d).
0
Let f = -50 - -44. Let i(g) = g**2 + 8*g + 8. Calculate i(f).
-4
Let y(x) = -6*x**3 - 1. Suppose 7*s + 4*s + 11 = 0. Calculate y(s).
5
Let f be (26/(-65))/((-2)/(-30)). Let a(l) be the first derivative of l**4/4 + 5*l**3/3 - 2*l**2 + 2*l + 1. Determine a(f).
-10
Let j(x) = -x**2 + 11*x. Let n(c) = -3*c**2 + 31*c + 1. Let r(i) = 11*j(i) - 4*n(i). Determine r(4).
0
Let h(y) be the first derivative of -y**2/2 + 5*y - 27. Determine h(6).
-1
Let y(d) be the first derivative of d**4/4 - 8*d**3/3 - d - 33. Give y(8).
-1
Let j(l) be the second derivative of 0 - 3*l**2 - 3*l - 1/6*l**3 - 1/12*l**4. Give j(0).
-6
Suppose 4 = 2*r - r. Let y(l) be the first derivative of l**3/3 - 5*l**2/2 + l - 2. Determine y(r).
-3
Let b(k) = 9654*k + 5 - 1 - 9652*k. Let v = -1 - -5. Determine b(v).
12
Let r(z) = -3*z - 3. Let o(m) = -m - 1. Let u(h) = -o(h) + r(h). Calculate u(5).
-12
Let z(f) = 7*f + 5. Let p(s) = -15*s - 11. Let i(g) = -6*p(g) - 13*z(g). Determine i(-4).
5
Let m(z) = -4*z**2 - 5*z - 3. Let a(l) = -l**2 + l - 1. Let w(x) = -5*a(x) + m(x). What is w(8)?
-14
Let j = -121 + 125. Let f(k) = -k**3 + 3*k**2 + 3*k - 1. Calculate f(j).
-5
Let d(s) = 9*s**2 + 2*s - 2. Let f(t) = -10*t**2 - 2*t + 1. Let y(q) = 2*d(q) + 3*f(q). Give y(-1).
-11
Let v(r) = 4*r**3 + r**2 - 2*r + 1. Let b be (-40)/(-100) + 6/10. What is v(b)?
4
Let m(r) = -3*r. Let c be m(1). Let h(k) = k + 4. Let z be h(c). Let t(y) = -y**3 + y - 1. Calculate t(z).
-1
Let t be (14/3)/(10/30). Let q(u) = -t*u + 16*u - 1 - 2*u**2 - 5*u**2. Calculate q(1).
-6
Let m(c) be the third derivative of c**4/8 - c**3/2 - 3*c**2. Let i(a) = 3*a**2 - 2*a + 1. Let b be i(1). What is m(b)?
3
Let r(a) = -2*a**2 - 4*a + 1. Let x(g) = 3*g**2 + 5*g - 1. Let t(n) = 4*r(n) + 3*x(n). Determine t(0).
1
Let b(h) be the first derivative of h**4 - 2*h**3/3 - h**2 + 3*h + 5. Let r(u) = -9*u**3 + 5*u**2 + 5*u - 7. Let k(t) = 5*b(t) + 2*r(t). Calculate k(1).
3
Let z(y) = y**2 + 8*y + 3. Let u be (-28)/4 + -4 + 4. What is z(u)?
-4
Let w(f) = f + 6. Suppose 3*l - 4 = -5*t, 3*t - 4 = t. Suppose -4*x = -0*x - n - 13, -5*n - 25 = 0. Let a = x + l. What is w(a)?
6
Let z(c) be the first derivative of c**3/3 + 2*c**2 - c - 2. Let g be z(-3). Let p(s) = s**2 + 0*s + 1 - s + 5*s + s. What is p(g)?
-3
Let a = 12 + -10. Let h(k) = 5 - a + 2*k**3 - 3*k**3 - 1. What is h(2)?
-6
Let c(r) = -r**3 - 6*r**2 + 7*r + 2. Let f(i) = i - 3. Suppose -2*u = 3*u + 20. Let t be f(u). What is c(t)?
2
Let d(s) = 10*s**3 + 12 - 8*s - 9*s**3 - 7*s**2 - 10. Determine d(8).
2
Let q(b) = 9*b**2 + 3*b + 3. Let t(f) = f**2 + f + 1. Let n(d) = q(d) - 6*t(d). Determine n(3).
15
Let g(k) = k + 1. Let h(z) = 6*z + 4. Let m(y) = 5*g(y) - h(y). Calculate m(4).
-3
Let a(p) = p**2 + 3*p + 1. Let j be 62/(-279) + 3/(27/(-25)). What is a(j)?
1
Let w be (-2)/(-2)*(-1)/(-1). Suppose -h + 4 - w = 0. Let g(d) = 6 - 5*d - 4 + 2*d**2 + 1. What is g(h)?
6
Let i(m) = 2*m + 2*m**2 - 1 - 3*m + 0*m**2 + 2*m. Suppose 0*n + 2 = 2*n. What is i(n)?
2
Let o(v) = -v**2 - v - 1. Suppose 9 + 9 = -9*j. Calculate o(j).
-3
Let p = -18 + 14. Let d be -5 - -2 - p/1. Let q(l) = 6*l**3 - l. Give q(d).
5
Let t(q) = 3*q - 39. Let j(f) = -f + 13. Let o(u) = -7*j(u) - 2*t(u). Let y be o(6). Let g = 3 + y. Let w(i) = -i**2 - 2*i + 5. Calculate w(g).
-3
Let f(g) be the third derivative of g**5/60 - g**4/24 + 8*g**3/3 + g**2. Give f(0).
16
Let y be (2 - 16/6) + 1. Let j(r) be the first derivative of 1 + y*r**3 + r**2 + 1/4*r**4 + 2*r. Give j(-2).
-6
Let f(p) be the third derivative of -1/60*p**5 + 0*p + 0 - 4/3*p**3 - 5*p**2 + 0*p**4. Let v be (1/(-1)*0)/1. Give f(v).
-8
Suppose 0 = 9*m - 0*m + m. Let o(w) = w**3 + w**2 - w - 18. Determine o(m).
-18
Let q(a) = a - 1. Let s(r) = -r**3 - 2*r**2 + 3*r + 2. Let h be s(-3). Let j be (-1)/(-2)*h*9. Suppose -j = x + 2*y - 0*y, -3*x + 3*y = -18. What is q(x)?
0
Let y = 44 - 26. Suppose 6 = -m + 2*l, m + 2*l + y = -2*m. Let i(z) = -z**2 - 4*z + 8. Calculate i(m).
-4
Let d(z) = -2*z - 6. Let y(m) = m + 2. Let t(n) = -2*d(n) - 7*y(n). Calculate t(3).
-11
Let v(j) be the first derivative of j**4/12 + 2*j**3/3 - j**2 + j + 2. Let z(x) be the first derivative of v(x). Let m be (6 - 7)/(1/3). Give z(m).
-5
Suppose -3*g + h - 15 = -2*h, 3*g + 2*h = 10. Suppose g = 4*p - 7*p + 9. Let j(c) = -4 - 4*c**p - 6*c**2 + 3*c**3 + 7*c + 2*c**3. Determine j(4).
-8
Suppose 2*m + 5 = -5. Let n(r) = -r**2 - 4*r - 3. What is n(m)?
-8
Let f(q) = -q**3 + q + 4. Let w(k) = k - 3. Let x = 1 + 2. Let b be w(x). Give f(b).
4
Let k(a) = -5*a**2. Let p be k(1). Let g(c) = c**3 - 6*c**2 + 3*c - 7. Let r be g(6). Let m(o) = -2 - 2 + r + o. Determine m(p).
2
Let x(m) be the second derivative of m**4/6 - m**3/6 - m**2/2 + 12*m. Suppose -3*w - 2 = -4*w. Determine x(w).
5
Let a(m) = -9*m - 18. Let h(k) = -1. Let d(v) = a(v) - 18*h(v). Determine d(2).
-18
Let p(j) = 15*j + 55. Let o(n) = 2*n + 8. Let x(t) = 20*o(t) - 3*p(t). Let y(c) = 14*c + 16. Let u(s) = 11*x(s) + 4*y(s). Give u(-6).
3
Let g(c) be the second derivative of 0 - 2*c - c**3 - 1/3*c**4 - 2*c**2 + 1/20*c**5. What is g(5)?
-9
Let c(w) be the second derivative of w**5/20 + 7*w**4/12 + 5*w**3/6 - 5*w**2/2 - 2*w. Let u be c(-6). Let h(r) = -r. Determine h(u).
-1
Suppose 0*r + 20 = -5*r. Let o(n) = -n + 1. Let d(w) = -2*w + 1. Let g(x) = -3*d(x) + 4*o(x). Calculate g(r).
-7
Let h be (2 + (-40)/14)*7. Let l(x) = -x**3 - 7*x**2 - 7*x + 1. Calculate l(h).
7
Let k(s) = s**3 + 2. Let f be 0/1*(-11)/44. Give k(f).
2
Let h = 0 - -1. Let q be (6 - h)*(-2)/(-2). Let c(o) be the second derivative of -o**4/12 + o**3/2 + 2*o**2 + 8*o. Calculate c(q).
-6
Let r(g) = g**3 + 3*g**2 - 4*g + 2. Let s be r(-4). Let v(t) = -t - 4. Let b be v(-4). Suppose b = -s*q + 10 - 4. Let m(x) = 3*x - 2. Calculate m(q).
7
Suppose 4 = -r, -6*p + 5*r = -4*p - 14. Let w = -1 + p. Let m(i) = -2*i - 3. Give m(w).
5
Let m(n) = -7*n - 3. Let s(h) = -6*h - 3. Let o(l) = 5*m(l) - 6*s(l). Let u(c) = 0 - 13*c + 12*c + 1. Let x be u(4). What is o(x)?
0
Let j(v) = -3*v + 4. Let l = 28 - 25. Suppose l = 2*t + a, 0*a = -t + 3*a + 12. Give j(t).
-5
Let c = 3 + 1. Let z = c - 4. Let t(v) = -5 - 2*v + 4*v + z. Determine t(4).
3
Let i(c) = -c**3 - 3*c**2 + 5*c + 1. Let d be i(-4). Let s be ((-12)/(-18))/(d/(-27)). Let w(q) = q**2 - 6*q + 5. Determine w(s).
5
Let z(l) 